s + 15, 0 = 2*a + 2*s + v. Let j = a - -41. List the prime factors of j.
2
List the prime factors of (-419)/(-5)*(2 + 0 + 3).
419
Suppose 18*l - 20*l - 98 = 0. Let r = l + 80. Suppose 13 + r = 2*c. List the prime factors of c.
2, 11
Let k(d) = -d**3 - 8*d**2 + 8*d - 2. Let f be k(-8). Let n = 1 - f. List the prime factors of n.
67
Suppose 0 = -3*r + d - 5*d + 164, 0 = -5*d + 25. Suppose -b - 2*b = r. Let s = 32 + b. List the prime factors of s.
2
Suppose -2446 = -10*d + 2734. List the prime factors of d.
2, 7, 37
Let g(z) = -z**2 - z + 13. Let f be g(0). Suppose -f*o + 1200 = -8*o. List the prime factors of o.
2, 3, 5
List the prime factors of 2/9 + 263523/351.
751
Let h = -15 - -19. Suppose 4*o - 5*a - 124 = -22, 2*o - h*a - 54 = 0. What are the prime factors of o?
23
Suppose 0*f = -2*f - 12. Let q be f*(-3 + 24/9). Suppose -5*u + 3*t = -159, -q*u + 3*t + 24 = -36. List the prime factors of u.
3, 11
Let r be -1 - -2 - (18/2 - 8). Suppose -15*v + 13*v + 200 = r. List the prime factors of v.
2, 5
Suppose 2*j + 8*j = 1050. List the prime factors of j.
3, 5, 7
Let f be (-2 - 5/(-4))*4. Let c(o) = -1. Let r(z) = 6*z + 6. Let x(h) = -6*c(h) - r(h). What are the prime factors of x(f)?
2, 3
Suppose 13*v + 3*q = 14*v - 869, q + 873 = v. What are the prime factors of v?
5, 7
Let b = -11 + 13. Suppose -a = -b*k + 3*k - 5, 0 = 2*k. Suppose -a*g + 72 = -g. What are the prime factors of g?
2, 3
Let g = 453 - -207. Suppose 2*z = -3*z + g. List the prime factors of z.
2, 3, 11
Let r be 18 - (3 - (-3 + 3)). Let z(q) = q**3 - 15*q**2 + 6*q + 2. List the prime factors of z(r).
2, 23
Let d = 60 + -10. List the prime factors of d.
2, 5
List the prime factors of 130/(-1495) + (-28361)/(-23).
3, 137
Let p = 45 - 26. What are the prime factors of p?
19
Suppose 0 = 5*y + 32*y - 22570. What are the prime factors of y?
2, 5, 61
Suppose 4*y - 151 = 2*x + x, -2*x = -3*y + 114. Let u = y - -35. Suppose -3*j + u = 2*j. List the prime factors of j.
3, 5
Let r(x) = x. Let l(s) = -7*s - 7. Let y(t) = -l(t) - 6*r(t). Let p be y(-2). Suppose v - 15 = -p. List the prime factors of v.
2, 5
Suppose 0 = -13*s + 30*s - 47549. What are the prime factors of s?
2797
Suppose 806 = 2*a + 260. What are the prime factors of a?
3, 7, 13
Let l(w) be the first derivative of -13*w**2/2 - 3*w + 4. What are the prime factors of l(-5)?
2, 31
Let z(i) = 4*i**3 - 5*i**2 - 11*i + 36. What are the prime factors of z(5)?
2, 89
Let i(v) = -v**2 + 3*v + 4. Suppose 5 + 7 = 3*j. Let u be i(j). Suppose u*r + 56 = 4*r. List the prime factors of r.
2, 7
Let l = 742 + 153. List the prime factors of l.
5, 179
Let u(a) = 3*a**2 + a + 6. Let f be u(8). Let m be 2/(-5) - f/10. Let d = 52 + m. List the prime factors of d.
31
Let p be 17/(-3)*-39*2. Suppose 0 = -7*x + p + 265. List the prime factors of x.
101
Let p(c) = c**2 + 3*c - 7. Let y be p(-6). Let s = 10 - y. List the prime factors of s + 1 + (52 - -1).
53
Let s be (-18)/(-4)*16/12. Suppose -l - 95 = -s*l. What are the prime factors of l?
19
Suppose 5067 = 18*x - 2799. What are the prime factors of x?
19, 23
Suppose 2*s - 4*h - 36 = 0, 15 = 2*s + h - 1. List the prime factors of (s/4 + -3)*-116.
2, 29
Let t(k) = 10*k - 16. Let y be t(13). Suppose 3*f + 7*q = 3*q + y, -q - 171 = -4*f. Suppose 2*z - f = -z. List the prime factors of z.
2, 7
Suppose 79 + 151 = 5*i. Let o = i + -11. What are the prime factors of o?
5, 7
Let r(d) = -36*d - 1. Let b be r(6). Let k = -62 - b. What are the prime factors of k?
5, 31
Let s = -58 - -58. Suppose s = -15*a + 59 + 1. What are the prime factors of a?
2
Let p(s) = -5*s - 13. Let h be p(-4). Suppose -h + 1 = -3*n. List the prime factors of n/9 + 331/9.
37
Let a(w) = -15*w**3 + 9*w**2 + 2*w - 27. List the prime factors of a(-5).
2063
Let u(g) = -5*g**3 + 37*g**2 + 4*g - 8. Let l(r) = -r**3 + 9*r**2 + r - 2. Let n(h) = 9*l(h) - 2*u(h). List the prime factors of n(5).
3, 101
Let z be 1*(-2 - -3)*-64. Let o = 114 + z. List the prime factors of o.
2, 5
Let a be 376/12 + (-2)/(-3). Let s = 47 - a. Suppose -6*x + x + 2*n = -15, -5*x = -3*n - s. What are the prime factors of x?
3
Suppose -6*j + 8 = -2*j. Let c(o) = 107*o + 15. List the prime factors of c(j).
229
Suppose -15*a = 18*a - 46992. What are the prime factors of a?
2, 89
Let z be (-2)/5 + (-21)/35. Let p be 1 - 0*z/3. Let t = 4 - p. List the prime factors of t.
3
Let g(i) = 2*i. Let x be g(3). List the prime factors of 303*(20/x - 3).
101
Suppose -113 = -5*j - 3*b, -5*b + 4 + 111 = 5*j. Suppose -j*x = -15*x - 980. What are the prime factors of x?
2, 5, 7
Let u be (-2)/(-12) - (-88)/48. Suppose 2*i = -s - 1, -u*s = -2*i - i + 16. Suppose 0*m = -5*k - m + 56, -3*k + 35 = i*m. List the prime factors of k.
11
Let x = -38 - -40. Suppose -3*k = -5*o - 733 + 226, 338 = x*k + 3*o. What are the prime factors of k?
13
Let l(w) = 6*w**2 + 5*w - 5. Let u(q) = q**2 - 1. Let d(x) = 4*l(x) - 20*u(x). List the prime factors of d(-10).
2, 5
Let f = 126 - 45. List the prime factors of f - (-5)/(-10)*-4.
83
Let j = -87 + 77. Let l = 212 + j. List the prime factors of l.
2, 101
Let z = -6 + 377. What are the prime factors of z?
7, 53
Let s be -1*(1 + 0) - 0. Let n(c) = -7*c**3 + 3*c + 2. Let p be n(s). Suppose -4*v + 10 + p = 0. What are the prime factors of v?
2
Let g = 1 + 1. Suppose 3*v = -30 + 51. Suppose -g*n = -v*n + 190. What are the prime factors of n?
2, 19
Let n = 5 + -21. Let s = -10 - n. Let o = s + 7. What are the prime factors of o?
13
Suppose -5*n + 2*t + 25579 = 0, 2*n - t = 4602 + 5629. List the prime factors of n.
7, 17, 43
Let w(k) = -156*k**3 + 5*k**2 + 14*k + 6. List the prime factors of w(-2).
2, 7, 89
Suppose 5*s - 5*m = -5, 0*m = 4*s - 5*m + 3. Let g be 21/(-7) - (s - 1). Let q(k) = -k + 26. What are the prime factors of q(g)?
2, 13
Suppose 218 = -t - t. Let r = t - -173. What are the prime factors of r?
2
Suppose -2539 - 1813 = -8*c. List the prime factors of c.
2, 17
Suppose -7*b - b = -40. Let z be 73/4 + 1/(-4). Suppose 2*c = b*o - 0*c - z, -c - 15 = -4*o. What are the prime factors of o?
2
Let q be (-21*1)/(-3) + 1. Let d(g) = 2*g**2 - 12*g + 2. List the prime factors of d(q).
2, 17
Let i = 4 - 1. Suppose -3*v + 99 = -5*j - 94, 0 = 4*v + i*j - 209. List the prime factors of 214/14 + (-16)/v.
3, 5
Let y = 549 - 396. List the prime factors of y.
3, 17
Let d = -52 + 54. Suppose -5*n - 307 = 5*v - 907, d*n + 355 = 3*v. What are the prime factors of v?
7, 17
Suppose 0 = -22*x + 37532 - 11638. What are the prime factors of x?
11, 107
Suppose -j - 48 = -4*j. Suppose 20*c + 4 = j*c. List the prime factors of (3 + c + -1)*8.
2
Let c(s) = 1. Let p(o) = 2*o - 37. Let x(b) = -6*c(b) - p(b). Let i(r) = r - 16. Let k(v) = 5*i(v) + 3*x(v). List the prime factors of k(-9).
2, 11
Let t(d) = 3*d - 5. Let k(f) = -2*f + 13. Let r(m) = -2*m + 13. Let j(n) = 4*k(n) - 3*r(n). Let h be j(0). What are the prime factors of t(h)?
2, 17
Let q(b) = b**2 - 35*b - 5. What are the prime factors of q(39)?
151
Let b(n) = 6 - 9*n**2 + 7*n**2 - n**3 - 2 + 16*n + 4. What are the prime factors of b(-7)?
3, 47
Suppose 11*m + 228 = 15*m. Suppose 5*p + 121 = 2*s, -5*s + 2*p + 235 = -m. What are the prime factors of s?
2, 29
Suppose -2*l - 14 = s, 0*s - 3*s = 4*l + 40. Let h(k) = 5*k + k**3 + 4*k + 3 + 0*k**3 + 13*k**2 + 9. What are the prime factors of h(s)?
2, 3
Let k(p) = -p**3 - p**2 - p - 4. Let o = -10 - -19. Let v = -12 + o. List the prime factors of k(v).
17
Suppose -13 = -6*b - 19. Let c(z) = -139*z**3 - 3*z**2 - 2*z. List the prime factors of c(b).
2, 3, 23
Suppose 0*o = o - 71. Suppose -5*w = -144 - o. List the prime factors of w.
43
Let u be (-1)/(2/(-157 + -3)). Suppose 5 - 9 = -2*q. Suppose 0*k + 4*p = -q*k + 24, u = 3*k - 5*p. What are the prime factors of k?
2, 5
Let f(v) = -2*v**3 - 5*v**2 - 2*v + 7. Suppose -2*g + 0 = -q - 6, -4*q - g = -12. Suppose p = -q*h - 5, -h - 3*h - p = 11. What are the prime factors of f(h)?
2, 11
Suppose 5*g - 25 = -0*g. Suppose -6*i + 129 = -i - 2*x, g*x + 135 = 5*i. List the prime factors of ((-30)/i)/((-6)/20).
2
List the prime factors of (-19854)/(-9) + (4 - (4 - 5)).
3, 11, 67
Suppose 0 = 12*a - 25970 - 11890. What are the prime factors of a?
5, 631
Suppose -4*k = -0*k + 8. Suppose 0 = 3*p - 29 - 7. What are the prime factors of (p - k) + -1*3?
11
Let